{"id":1240,"date":"2019-10-20T07:30:49","date_gmt":"2019-10-20T13:30:49","guid":{"rendered":"http:\/\/todocanon.com\/web\/?page_id=1240"},"modified":"2022-11-11T09:52:53","modified_gmt":"2022-11-11T15:52:53","slug":"noticias","status":"publish","type":"page","link":"https:\/\/todocanon.com\/web\/noticias\/","title":{"rendered":"Noticias"},"content":{"rendered":"<div class=\"wpb-content-wrapper\"><p>[vc_row][vc_column]<h3 class=\"sc_title sc_title_regular\"><\/p>\n<p style=\"text-align: center;\">Noticias del Mundo<strong> Fotogr\u00e1fico<\/strong><\/p>\n<p><\/h3>[\/vc_column][\/vc_row][vc_row][vc_column][vc_column_text]<div class=\"feedzy-7078ea2e6b10fa2d76afdf267853c01c feedzy-rss\"><ul><li  style=\"padding: 15px 0 25px\" class=\"rss_item\"><div class=\"rss_image\" style=\"height:150px;width:150px;\"><a href=\"https:\/\/fotografodigital.com\/noticias\/adobe-max-2025-sneaks-un-vistazo-a-la-innovacion-porvenir\/\" target=\"_blank\" rel=\" noopener\" title=\"Adobe MAX 2025 Sneaks:\u00a0un vistazo a la innovaci\u00f3n por venir\" style=\"height:150px;width:150px;\"><img decoding=\"async\" src=\"https:\/\/fotografodigital.com\/wp-content\/uploads\/2025\/10\/media_1e3090501b1d8e5598814ae950487dbb8e2caef42-400x175.webp\" title=\"Adobe MAX 2025 Sneaks:\u00a0un vistazo a la innovaci\u00f3n por venir\" style=\"height:150px;width:150px;\"><\/a><\/div><span class=\"title\"><a href=\"https:\/\/fotografodigital.com\/noticias\/adobe-max-2025-sneaks-un-vistazo-a-la-innovacion-porvenir\/\" target=\"_blank\" rel=\" noopener\">Adobe MAX 2025 Sneaks:\u00a0un vistazo a la innovaci\u00f3n por venir<\/a><\/span><div class=\"rss_content\" style=\"\"><small>por <a href=\"\/\/fotografodigital.com\" target=\"_blank\" title=\"fotografodigital.com\">omnifoto<\/a> en 31 octubre, 2025 a las 12:29 pm <\/small><p>Como viene siendo costumbre, Adobe Max 2025 se cerr\u00f3 con la presentaci\u00f3n de los Sneaks que no es otra cosa que la presentaci\u00f3n de los adelantos creativos m\u00e1s audaces y llamativos en los que se encuentran trabajando los diversos equipos de ingenieros de Adobe. La experiencia nos demuestra que una gran parte de las ideas \nLa entrada Adobe MAX 2025 Sneaks:\u00a0un vistazo a la innovaci\u00f3n por venir se public\u00f3 primero en Fotografo digital y tutoriales Photoshop.<\/p><\/div><\/li><li  style=\"padding: 15px 0 25px\" class=\"rss_item\"><div class=\"rss_image\" style=\"height:150px;width:150px;\"><a href=\"https:\/\/fotografodigital.com\/noticias\/adobe-max-25-firefly-se-convierte-en-el-estudio-ia-todo-en-uno\/\" target=\"_blank\" rel=\" noopener\" title=\"Adobe Max 25: Firefly se convierte en el estudio IA todo en uno\" style=\"height:150px;width:150px;\"><img decoding=\"async\" src=\"https:\/\/fotografodigital.com\/wp-content\/uploads\/2025\/10\/Adobe-Max-2025-Firefly-GenerateSoundtrack-4-400x225.jpg\" title=\"Adobe Max 25: Firefly se convierte en el estudio IA todo en uno\" style=\"height:150px;width:150px;\"><\/a><\/div><span class=\"title\"><a href=\"https:\/\/fotografodigital.com\/noticias\/adobe-max-25-firefly-se-convierte-en-el-estudio-ia-todo-en-uno\/\" target=\"_blank\" rel=\" noopener\">Adobe Max 25: Firefly se convierte en el estudio IA todo en uno<\/a><\/span><div class=\"rss_content\" style=\"\"><small>por <a href=\"\/\/fotografodigital.com\" target=\"_blank\" title=\"fotografodigital.com\">omnifoto<\/a> en 29 octubre, 2025 a las 11:45 am <\/small><p>Las novedades presentadas en Max 2025 para Adobe Firefly son la puesta de largo para convertir esta aplicaci\u00f3n en eso que los anglosajones llaman una one stop shop, es decir un lugar que re\u00fane todas las herramientas y los mejores modelos de IA del sector que un creativo pueda necesitar para sus proyectos de v\u00eddeo, \nLa entrada Adobe Max 25: Firefly se convierte en el estudio IA todo en uno se public\u00f3 primero en Fotografo digital y tutoriales Photoshop.<\/p><\/div><\/li><li  style=\"padding: 15px 0 25px\" class=\"rss_item\"><div class=\"rss_image\" style=\"height:150px;width:150px;\"><a href=\"https:\/\/fotografodigital.com\/noticias\/adobe-max-2025-protagonismo-de-la-ia-agentica-para-facilitar-y-acelerar-el-proceso-creativo\/\" target=\"_blank\" rel=\" noopener\" title=\"Adobe Max 2025, protagonismo de la IA ag\u00e9ntica para facilitar y acelerar el proceso creativo\" style=\"height:150px;width:150px;\"><img decoding=\"async\" src=\"https:\/\/fotografodigital.com\/wp-content\/uploads\/2025\/10\/ADOBE-MAS-2025-400x203.jpg\" title=\"Adobe Max 2025, protagonismo de la IA ag\u00e9ntica para facilitar y acelerar el proceso creativo\" style=\"height:150px;width:150px;\"><\/a><\/div><span class=\"title\"><a href=\"https:\/\/fotografodigital.com\/noticias\/adobe-max-2025-protagonismo-de-la-ia-agentica-para-facilitar-y-acelerar-el-proceso-creativo\/\" target=\"_blank\" rel=\" noopener\">Adobe Max 2025, protagonismo de la IA ag\u00e9ntica para facilitar y acelerar el proceso creativo<\/a><\/span><div class=\"rss_content\" style=\"\"><small>por <a href=\"\/\/fotografodigital.com\" target=\"_blank\" title=\"fotografodigital.com\">omnifoto<\/a> en 28 octubre, 2025 a las 5:18 pm <\/small><p>Fiel a su cita anual se ha inaugurado hoy y se celebra hasta el d\u00eda 30 en Los \u00c1ngeles Adobe MAX 2025, la conferencia sobre creatividad m\u00e1s grande del mundo, donde Adobe presenta sus innovaciones que en esta edici\u00f3n van a estar nuevamente marcadas por la progresiva y creciente incorporaci\u00f3n de herramientas y funciones de \nLa entrada Adobe Max 2025, protagonismo de la IA ag\u00e9ntica para facilitar y acelerar el proceso creativo se public\u00f3 primero en Fotografo digital y tutoriales Photoshop.<\/p><\/div><\/li><li  style=\"padding: 15px 0 25px\" class=\"rss_item\"><div class=\"rss_image\" style=\"height:150px;width:150px;\"><a href=\"https:\/\/fotografodigital.com\/noticias\/montajes-super-sencillos-con-la-nueva-funcion-harmonize-de-photoshop\/\" target=\"_blank\" rel=\" noopener\" title=\"Montajes s\u00faper sencillos con la nueva funci\u00f3n Harmonize de Photoshop\" style=\"height:150px;width:150px;\"><img decoding=\"async\" src=\"https:\/\/fotografodigital.com\/wp-content\/uploads\/2025\/07\/Harmonize_1-400x243.jpg\" title=\"Montajes s\u00faper sencillos con la nueva funci\u00f3n Harmonize de Photoshop\" style=\"height:150px;width:150px;\"><\/a><\/div><span class=\"title\"><a href=\"https:\/\/fotografodigital.com\/noticias\/montajes-super-sencillos-con-la-nueva-funcion-harmonize-de-photoshop\/\" target=\"_blank\" rel=\" noopener\">Montajes s\u00faper sencillos con la nueva funci\u00f3n Harmonize de Photoshop<\/a><\/span><div class=\"rss_content\" style=\"\"><small>por <a href=\"\/\/fotografodigital.com\" target=\"_blank\" title=\"fotografodigital.com\">omnifoto<\/a> en 29 julio, 2025 a las 6:37 pm <\/small><p>Las funcionalidades de Adobe Firefly Penetran cada vez con mayor profundidad en Photoshop\u00a0 como pone de manifiesto la nueva actualizaci\u00f3n de Photoshop beta que Adobe ha puesto a disposici\u00f3n de sus usuarios. Esta incorporaci\u00f3n de las funcionalidades de Adobe Firefly a Photoshop transita el camino de hacer cada vez m\u00e1s sencillas tareas que de por \nLa entrada Montajes s\u00faper sencillos con la nueva funci\u00f3n Harmonize de Photoshop se public\u00f3 primero en Fotografo digital y tutoriales Photoshop.<\/p><\/div><\/li><li  style=\"padding: 15px 0 25px\" class=\"rss_item\"><div class=\"rss_image\" style=\"height:150px;width:150px;\"><a href=\"https:\/\/fotografodigital.com\/noticias\/adobe-max-2025-london-pista-libre-para-la-ia-en-firefly-photoshop-premiere-pro\/\" target=\"_blank\" rel=\" noopener\" title=\"Adobe MAX 2025 London: pista libre para la IA en FireFly, Photoshop, Premiere Pro\u2026\" style=\"height:150px;width:150px;\"><img decoding=\"async\" src=\"https:\/\/fotografodigital.com\/wp-content\/uploads\/2025\/04\/aDOBE-max-london-2025-400x226.jpg\" title=\"Adobe MAX 2025 London: pista libre para la IA en FireFly, Photoshop, Premiere Pro\u2026\" style=\"height:150px;width:150px;\"><\/a><\/div><span class=\"title\"><a href=\"https:\/\/fotografodigital.com\/noticias\/adobe-max-2025-london-pista-libre-para-la-ia-en-firefly-photoshop-premiere-pro\/\" target=\"_blank\" rel=\" noopener\">Adobe MAX 2025 London: pista libre para la IA en FireFly, Photoshop, Premiere Pro\u2026<\/a><\/span><div class=\"rss_content\" style=\"\"><small>por <a href=\"\/\/fotografodigital.com\" target=\"_blank\" title=\"fotografodigital.com\">omnifoto<\/a> en 27 abril, 2025 a las 4:34 pm <\/small><p>El reci\u00e9n celebrado Adobe MAX 2025 de Londres, se confirma la fuerte apuesta de la IA en todos los avances que Adobe ha introducido y va a introducir en sus principales programas de fotograf\u00eda, v\u00eddeo, dise\u00f1o, efectos especiales, etc.\u00a0 En el centro de esa revoluci\u00f3n IA de Adobe est\u00e1 Firefly que no s\u00f3lo ofrece sus \nLa entrada Adobe MAX 2025 London: pista libre para la IA en FireFly, Photoshop, Premiere Pro\u2026 se public\u00f3 primero en Fotografo digital y tutoriales Photoshop.<\/p><\/div><\/li><\/ul> <\/div><style type=\"text\/css\" media=\"all\">.feedzy-rss .rss_item .rss_image{float:left;position:relative;border:none;text-decoration:none;max-width:100%}.feedzy-rss .rss_item .rss_image span{display:inline-block;position:absolute;width:100%;height:100%;background-position:50%;background-size:cover}.feedzy-rss .rss_item .rss_image{margin:.3em 1em 0 0;content-visibility:auto}.feedzy-rss ul{list-style:none}.feedzy-rss ul li{display:inline-block}<\/style>[\/vc_column_text][\/vc_column][\/vc_row]<\/p>\n<\/div>","protected":false},"excerpt":{"rendered":"<p>[vc_row][vc_column][\/vc_column][\/vc_row][vc_row][vc_column][vc_column_text][\/vc_column_text][\/vc_column][\/vc_row]<\/p>\n","protected":false},"author":1,"featured_media":0,"parent":0,"menu_order":0,"comment_status":"closed","ping_status":"closed","template":"","meta":{"footnotes":""},"class_list":["post-1240","page","type-page","status-publish","hentry"],"_links":{"self":[{"href":"https:\/\/todocanon.com\/web\/wp-json\/wp\/v2\/pages\/1240","targetHints":{"allow":["GET"]}}],"collection":[{"href":"https:\/\/todocanon.com\/web\/wp-json\/wp\/v2\/pages"}],"about":[{"href":"https:\/\/todocanon.com\/web\/wp-json\/wp\/v2\/types\/page"}],"author":[{"embeddable":true,"href":"https:\/\/todocanon.com\/web\/wp-json\/wp\/v2\/users\/1"}],"replies":[{"embeddable":true,"href":"https:\/\/todocanon.com\/web\/wp-json\/wp\/v2\/comments?post=1240"}],"version-history":[{"count":14,"href":"https:\/\/todocanon.com\/web\/wp-json\/wp\/v2\/pages\/1240\/revisions"}],"predecessor-version":[{"id":1909,"href":"https:\/\/todocanon.com\/web\/wp-json\/wp\/v2\/pages\/1240\/revisions\/1909"}],"wp:attachment":[{"href":"https:\/\/todocanon.com\/web\/wp-json\/wp\/v2\/media?parent=1240"}],"curies":[{"name":"wp","href":"https:\/\/api.w.org\/{rel}","templated":true}]}}